) to base 8.
657726
45322020 (base 6) to base 16
150c3c
Convert -22340203 (base 5) to base 14.
-5296c
Convert -211120002112 (base 3) to base 5.
-103202104
What is 3de73 (base 16) in base 15?
501da
Convert -2085a (base 14) to base 13.
-2994c
Convert -625010 (base 8) to base 9.
-345408
Convert -110100001100110011010111 (base 2) to base 9.
-27665733
What is 4c8bde (base 15) in base 4?
32001020330
Convert 225765 (base 10) to base 9.
373620
What is 2943a4a (base 11) in base 3?
100111220002011
Convert -13024436 (base 7) to base 13.
-325544
What is 4cf6c5 (base 16) in base 8?
23173305
52a48 (base 14) to base 9
333708
-81879 (base 11) to base 5
-12311023
Convert -441435 (base 8) to base 16.
-2431d
-3604b (base 12) to base 4
-101232323
Convert -2e21 (base 15) to base 12.
-58b7
What is -137a51 (base 12) in base 9?
-544277
Convert 1100303102 (base 5) to base 7.
26001411
What is -5013220 (base 6) in base 13?
-83148
870d5 (base 14) to base 13
b5937
What is 35858 (base 11) in base 13?
1a64c
-5416642 (base 8) to base 13
-3b9928
-8a042 (base 11) to base 5
-13133414
What is -11100010110110011 (base 2) in base 16?
-1c5b3
-1011111011001110000001 (base 2) to base 4
-23323032001
What is -116058 (base 9) in base 11?
-48690
-365d19 (base 16) to base 4
-31211310121
Convert 5345550 (base 7) to base 16.
9ec19
-365202 (base 7) to base 14
-1a402
5074676 (base 8) to base 4
11013212332
ab2b8 (base 12) to base 2
110111010111101100
-3040404040 (base 5) to base 15
-822865
What is -1546346 (base 7) in base 8?
-641027
201033323 (base 4) to base 12
6698b
Convert -102330100 (base 4) to base 11.
-53321
Convert 2121201200121 (base 3) to base 11.
870a53
Convert 527b9 (base 14) to base 15.
3ded8
-111110010011010000 (base 2) to base 3
-110222001021
Convert -134120 (base 11) to base 3.
-101200200010
Convert 3341033 (base 5) to base 7.
333462
What is 3332000030 (base 4) in base 13?
2a5726
3031300013 (base 4) to base 6
30021355
Convert -13b0b (base 14) to base 3.
-2110221222
Convert -47c2db (base 16) to base 7.
-54655123
What is 11010202000210 (base 3) in base 7?
24460200
-214664341 (base 7) to base 13
-28b112c
What is 5056224 (base 7) in base 6?
20525000
-32740 (base 10) to base 7
-164311
What is -136411 (base 9) in base 14?
-225a0
Convert -d39b72 (base 14) to base 4.
-123031223120
Convert -b0437a (base 12) to base 15.
-39332a
Convert 530140254 (base 6) to base 5.
4332012304
9788a (base 14) to base 2
1011001100000110010
What is 88988 (base 11) in base 12?
62769
What is 20002111102 (base 4) in base 11?
1209888
-14b27 (base 12) to base 14
-a943
32312402 (base 5) to base 11
179389
Convert -20478081 (base 9) to base 10.
-9853966
Convert -100011010101101010101000 (base 2) to base 16.
-8d5aa8
What is -a943b4 (base 15) in base 3?
-120011200100021
13264251 (base 7) to base 5
303213031
221001012021 (base 3) to base 6
14322054
Convert 10000011110011001 (base 2) to base 4.
100132121
What is -421030 (base 9) in base 11?
-160980
What is -2bad9 (base 16) in base 12?
-87649
88072 (base 10) to base 11
60196
Convert 5180280 (base 9) to base 6.
135203200
Convert 3775616 (base 12) to base 5.
10234320300
What is 210010020020 (base 3) in base 4?
1211133102
-6557334 (base 9) to base 16
-35be19
-802068 (base 11) to base 7
-13655161
Convert -a5ab46 (base 12) to base 16.
-27d6e6
67a88b (base 13) to base 14
47b3a2
-151604 (base 10) to base 5
-14322404
Convert 69227 (base 12) to base 9.
233384
What is 21133200021 (base 4) in base 6?
125200013
What is -3110320323 (base 5) in base 15?
-853293
Convert 2011275 (base 10) to base 13.
555606
What is 327c (base 15) in base 6?
121300
Convert 29382a (base 15) to base 14.
399c56
669127 (base 15) to base 5
2223000022
What is 4713a85 (base 11) in base 9?
16438255
-7325005 (base 11) to base 15
-120324c
What is 1012012120111202 (base 3) in base 14?
23b7797
What is 4135213 (base 6) in base 2?
110000101100011001
-22011110201 (base 3) to base 11
-aa832
What is -300302311 (base 4) in base 16?
-30cb5
What is -110011011101100011101 (base 2) in base 5?
-412430201
Convert 2650 (base 15) to base 13.
394b
520310 (base 8) to base 10
172232
What is -4261525 (base 7) in base 10?
-519223
Convert 8d9bb (base 14) to base 5.
42014204
-12134420 (base 5) to base 14
-2dc93
What is -1c9e04 (base 16) in base 13?
-508852
Convert 12102110211 (base 3) to base 4.
122010130
What is 1e8be (base 15) in base 8?
303016
-2d743 (base 15) to base 7
-1150611
Convert 105047 (base 9) to base 13.
2272c
Convert -2643041 (base 8) to base 13.
-1cb3b7
Convert 1100013220 (base 4) to base 11.
204615
Convert 5a7fe (base 16) to base 8.
1323776
-640230 (base 8) to base 10
-213144
What is 741 (base 12) in base 14?
557
-705a0 (base 13) to base 11
-127a39
8852 (base 12) to base 8
35276
4011205 (base 7) to base 12
1a9b97
21233303130 (base 4) to base 11
1495759
What is -24300040 (base 5) in base 4?
-313230301
What is 270784 (base 9) in base 7?
1254040
10110110010101 (base 2) to base 6
130005
Convert 100012002232 (base 4) to base 5.
2040002204
Convert -193e2 (base 15) to base 12.
-3b47b
101010110011110110 (base 2) to base 5
21102400
Convert 4025011 (base 6) to base 15.
3b5bd
2333050 (base 7) to base 2
1000111110001100010
What is 10121111020010 (base 3) in base 7?
22211304
9a2c98 (base 13) to base 16
377282
Convert -a59730 (base 12) to base 3.
-11220112022200
Convert 3414433441 (base 5) to base 12.
2655077
501651 (base 8) to base 14
4409b
Convert 101000000111001010011101 (base 2) to base 13.
224216c
What is -23115 (base 12) in base 3?
-2101012222
361434 (base 7) to base 9
108626
What is -1000444 (base 7) in base 15?
-24dd7
-2986cc (base 16) to base 12
-ab2b24
What is 10011000100000011100101 (base 2) in base 13?
105c816
Convert 11100111110111101 (base 2) to base 10.
118717
What is -26a736 (base 13) in base 15?
-137a1a
Convert 520350 (base 7) to base 2.
10101101110111011
4b0bb (base 13) to base 16
21d45
What is 330010 (base 8) in base 14?
2c440
Convert 1d46146 (base 14) to base 10.
14691634
Convert -62aac5 (base 13) to base 10.
-2308701
-139178 (base 10) to base 16
-21faa
Convert -a45ba1 (base 12) to base 11.
-1503668
What is -92b0a2 (base 12) in base 15?
-306795
Convert 2b679 (base 12) to base 4.
32333331
What is -205011 (base 8) in base 6?
-1243145
-394659 (base 11) to base 10
-621036
What is 300333123121 (base 4) in base 15?
11da3ad
What is -21005051 (base 7) in base 2?
-110101111010001010110
Convert fa8c (base 16) to base 11.
4420a
1210313113 (base 4) to base 13
116083
-2c4509 (base 15) to base 13
-59c5c5
Convert 157018 (base 12) to base 16.
59054
4085b0 (base 12) to base 2
11110110100101010100
Convert -565316 (base 7) to base 8.
-303734
380255 (base 9) to base 16
381d7
301234130 (base 5) to base 13
32b5b9
Convert 767625 (base 8) to base 6.
5310101
313320030 (base 4) to base 13
8023b
What is 19203 (base 15) in base 3?
11010201210
-202122011021 (base 3) to base 10
-406168
Convert -14240 (base 8) to base 15.
-1d04
What is -3ccd (base 16) in base 3?
-210100111
Convert 50c394 (base 13) to base 7.
22003062
What is 33212102 (base 4) in base 7?
354161
Convert 602274 (base 9) to base 6.
11344021
Convert 36042454 (base 7) to base 3.
12222220210211
Convert -1cbda0 (base 14) to base 15.
-155a43
1465134 (base 7) to base 11
128083
What is -286fcc (base 16) in base 15?
-37530a
What is -131313013 (base 4) in base 3?
-20012210001
1136832 (base 10) to base 2
100010101100011000000
What is 43444514 (base 6) in base 11?
806550
Convert -2cdaaa (base 16) to base 11.
-172859a
Convert 19b45 (base 12) to base 16.
9425
131021230 (base 4) to base 14
3172c
-2502026 (base 7) to base 9
-537008
12001011100011 (base 3) to base 12
a92b57
Convert 2312330211 (base 4) to base 9.
1361820
Convert 1223022 (base 4) to base 7.
25665
Convert 172577 (base 10) to base 13.
60722
Convert -3716235 (base 8) to base 12.
-414111
-2287e (base 15) to base 2
-11010110101011111
Convert -101332113000 (base 4) to base 10.
-4711872
-11011111101000110 (base 2) to base 4
-123331012
-4a3ab (base 12) to base 15
-1ece2
-32130233321 (base 4) to base 8
-16345771
What is c8bbb6 (base 13) in base 9?
8768132
Convert -74872 (base 12) to base 5.
-14401202
Convert -12cdb8 (base 15) to base 9.
-1627322
-399423a (base 11) to base 9
-13878085
-11000102221211 (base 3) to base 11
-1228737
Convert 